 + (-13 - (-8 - 5) - (-3 + 2)).
-2
-17 - (3 - (21 - 20))
-19
What is the value of 18 - (15 + -20 + 3)?
20
What is -9 + (0 - -8 - (26 - 28))?
1
What is the value of -9 - 25 - (-16 + -16)?
-2
Calculate 10 - ((1 - 11) + 11 + -16).
25
What is 13 + 17 + -25 + -3 + -1 + 1?
2
89 - 90 - (19 + -4)
-16
Calculate 44 - ((-20 - -34) + 9).
21
Evaluate 34 + (12 - (-10 - (-20 + -14))).
22
What is the value of (8 - 0) + -2 + (-24 + 44 - 26)?
0
Evaluate -28 + 54 - (5 + -3).
24
What is 12 + -8 - (-2 + 0 - (-6 + 1))?
1
6 + (-2 + -10 - (0 - (0 + -7)))
-13
What is the value of (14 - (2 + 1 + 6)) + 2 + 1?
8
-31 + -15 + 85 - 64
-25
32 - 7 - -11 - ((2 - 2) + 10)
26
What is (-5 - 23) + 16 - ((1 - -1) + -38)?
24
200 + -187 + (-2 - -7) + 4
22
Calculate (-5 - 0) + (20 - 19) - (0 + -16).
12
What is the value of -9 + 5 + (-2 - -12)?
6
-51 - (-25 - -26) - -29
-23
Calculate 3 - ((-36 - -19) + 9) - (-1 + 14).
-2
Calculate 12 + (9 - (-1 + 10)).
12
Evaluate (12 + -3 - (-30 - -23)) + -9.
7
What is -6 - 8 - 30 - -24?
-20
Evaluate -5 - ((-24 - -6) + -3 + -2).
18
What is the value of (0 - (-13 - -11)) + (-9 - -1) - -9?
3
Calculate 6 + (-3 + 3 - 14) - -5.
-3
-1 + 0 - (14 - (-22 - -27)) - -3
-7
What is 12 - (9 + -6 + -11 + 16)?
4
What is (-12 + 18 - 23) + 36?
19
What is 5 - -1 - ((10 - 24) + 34)?
-14
7 + 13 + -7 + (-7 - (6 + -11))
11
Evaluate 18 - (-6 + 35 + -19).
8
What is (-9 - 0) + (9 + 7 - 4)?
3
Evaluate 5 - (17 - 13) - (2 - (2 + -1)).
0
What is 2 + 42 - (-29 + 53 + -8)?
28
What is 4 + 11 - (0 - (-4 - (-4 + -6)))?
21
What is the value of (-177 - -176) + (2 - (-1 - -2 - -7))?
-7
What is (9 - 1) + (1529 - 1571)?
-34
What is (-2 - (45 + 12 + -13)) + (10 - 0)?
-36
-10 + (5 + (-5 + 0 - 0) - -2)
-8
Calculate 79 - 87 - (2 - (0 + 13)).
3
What is the value of (13 - 2) + -8 - (4 - (2 - 3))?
-2
Calculate -55 - -62 - (-1 - -15).
-7
-25 - -1 - (-137 + 84)
29
What is the value of 7 + -18 - (-8 - -7)?
-10
What is (0 - (0 - 25)) + -57 + 47?
15
Calculate -1 + 10 + -8 + 17 - 3.
15
11 + -2 + 0 - (1757 + -1714)
-34
What is (10 - 3) + -2 + 1?
6
Calculate -4 - (11 + -7 + (4 - 4 - -2)).
-10
Evaluate 57 + -79 - (-15 - 1).
-6
Evaluate 4 - (11 - 13 - -18).
-12
What is -29 - -29 - (1 + 1 + -2)?
0
Calculate -5 + -6 + 4 - -5.
-2
What is -4 + (-39 + 18 - (-7 + -2))?
-16
-123 - -149 - (4 + 39)
-17
Evaluate -1 - -7 - (-5 - (-5 + -3 + 5)).
8
What is (4 + 6 - 19) + 10 - 25?
-24
What is the value of -4 - (4 + -3) - 7 - -2?
-10
Calculate (15 - 5 - (-12 + 27)) + -10.
-15
Calculate (-28 - -8) + -6 + 43.
17
Evaluate (4 + -10 - (0 - -5)) + 22 + -15.
-4
Evaluate 5 - (-57 + 69 + (7 - (3 - 2))).
-13
Calculate 2 - -11 - 0 - (-187 - -191).
9
What is the value of -17 + (-42 - -62) - 5?
-2
Evaluate -14 + 0 + (-17 - -46).
15
Calculate 14 - (0 - -1 - -2).
11
Calculate (39 - (50 - 29)) + -21 + -2.
-5
1 - (-2 + 3) - (-1 + 2)
-1
What is the value of (5 + -14 - -3) + -9 + 7 + -2?
-10
What is the value of (-2 - 15) + (6 + -16 - -51)?
24
What is the value of (5 - 0 - 3 - -4) + -2 + -18?
-14
Evaluate (31 - 31) + 30 + -3.
27
Evaluate (3 - 1 - (-5 - (-1 + -1))) + 4.
9
What is the value of (9 - -1) + (12 - 10) + (-4 - -6)?
14
Calculate 4 + (-2 + 1 - (-18 - -18)).
3
What is the value of 2 - (-14 - 2 - (-18 - -5 - -3))?
8
Calculate 50 + -50 - (-13 - 0).
13
Calculate -16 + -2 - (-965 - -954).
-7
Evaluate 2 + 38 + (432 - 473).
-1
Calculate 63 + (44 + -30 - 59).
18
4 + -3 + -6 + -4 + 8 + -3
-4
What is the value of (0 - 9) + (-86 - -86)?
-9
What is (-6 - 0) + (-386 - -391)?
-1
What is (3 - (14 + -19)) + -16?
-8
What is 8 - (-10 + -5 + 22)?
1
Calculate 14 - (-2 - 0 - (-42 - -43)).
17
Evaluate 10 + (67 - 78 - (-7 - 1)).
7
What is -2 - -14 - ((-19 - -29) + 1)?
1
Evaluate -7 - (9 - ((1 - 12) + -60 + 63)).
-24
What is (-1 - -1) + -1669 + 1675?
6
What is -2 + (0 - -9 - (82 - 79))?
4
Evaluate 3 + (-10 - ((1 - -14) + -8)).
-14
-9 + ((-8 - -3) + 15 - 12)
-11
13 + 0 + -10 - 7
-4
44 + (15 + -52 - -5)
12
Calculate -18 - (-12 + 14) - -9.
-11
Evaluate -4 + (11 - -10 - 13).
4
Calculate (16 + -11 - (-1 + 10)) + 4 + 13.
13
Evaluate (-4 - (9 + -2 + -13)) + -3.
-1
What is (0 - (0 + 3)) + 18 + -3?
12
What is 23 + (-286 - -284) + -1 + -16?
4
What is -9 + -3 + (-15 + 28 - (2 - 0))?
-1
What is the value of -4 - (9 - (19 - 0)) - 9?
-3
Calculate 30 + (7 - 36) - 1.
0
What is -3 + (-1 - -7) - (-1 + 3)?
1
-59 + 67 + (2 + -1 - -1)
10
Evaluate -16 + 1 - (1 + 7 + (40 - 51)).
-12
-11 + -1 + (-51 - -57)
-6
What is 20 + (17 - 32 - (3 + -6))?
8
0 - -4 - (-219 + 222)
1
Evaluate -116 + 110 - (2 + (2 - 20 - 0)).
10
Evaluate -15 + 7 + -1 + -6 - (9 - 12).
-12
What is the value of -11 + ((10 - -9) + -13 - -27)?
22
What is the value of (-1 - -1) + (-21 - -4) + 19?
2
What is 7 + (-6 + -16 - -4) + 3 - -6?
-2
What is the value of (4 - ((4 - 2) + 6)) + 2?
-2
-1 - (14 - (-9 - -37))
13
What is the value of -2 + 12 + -10 + 1 + -2?
-1
Calculate 6 + (8 + 20 - 30).
4
What is 13 + 1 + -1 + (-13 - -31 - 21)?
10
What is the value of -50 - (-30 - -26) - -29?
-17
0 - (8 + -5 + -16 - -7)
6
Calculate 1143 - 1131 - (4 + (0 - 1)).
9
Evaluate 5 + -18 + 8 + (0 - 2) + 9.
2
-2 + -2 + 15 + 4 + -65 + 60
10
Evaluate -13 - (-25 + 18 - -3).
-9
What is the value of -226 + 210 + 1 + (0 - 0) + 2?
-13
Evaluate -1 - ((177 - 182) + 2 + -14).
16
What is the value of -5 + 26 - 15 - 19?
-13
Evaluate 2 + -12 - (47 - 69).
12
What is -11 - ((9 - 39) + 19)?
0
What is 12 - ((19 - (17 - 9)) + -11)?
12
265 + -251 + -11 + 0
3
What is -2 + -18 - -6 - -12?
-2
What is the value of -8 + 7 - (-7 - (-5 - 0 - -8))?
9
(5 - (-4 - -15)) + 3 - (0 + -11)
8
Evaluate (29 - 67) + 40 - (-1 + -1 + -10).
14
What is the value of 42 + -13 - (8 - (6 - 4 - 0))?
23
Evaluate (-13 - (-2 - 0)) + (-64 + 68 - -26).
19
Evaluate 6 + 8 + -5 + 5 + 4.
18
What is the value of (24 - 9) + (0 - 1) + -6 - -15?
23
-15 + 8 + -3 - (4 - 4 - 2)
-8
Evaluate (-1 - (18 - 60)) + -22.
19
Calculate 14 - (0 + 9 + -16 - (-7 - -2)).
16
What is the value of (0 - (-10 - 3)) + -26?
-13
What is -2 + (11 - (-25 + 21))?
13
What is 1 - (55 + -63 + 3 + 0)?
6
-8 - (-18 + (-18 - -17))
11
Evaluate (15 - (12 + -19)) + -12 - 5.
5
Evaluate -13 + 15 + -4 - -14.
12
Evaluate 6 - (37 + -16) - (-1 - 7).
-7
What is the value of -3 - (2 - (-3 + 7 + -6))?
-7
What is (-1 - 0) + 0 - 2?
-3
(0 - (-1 + 8)) + -38 + 36
-9
-54 - -21 - -8 - -3
-22
What is the value of 0 + -6 + 13 + -6 + 7 + -15?
-7
-5 + -18 + -4 + 43
16
What is the value of 21 + (14 - 8 - 6) + -2 + 1?
20
What is 13 + (6 - -4) + -53 + 16?
-14
0 + 6 + 16 + -32 + 1 + -4
-13
What is the value of -11 + (-13 - -11 - -4)?
-9
What is 57 + -89 - (-16 + -3) - -9?
-4
What is the value of 1 - (19 + (1 - (13 + -4)))?
-10
Calculate -32 + 42 - (-4 - -10 - -2).
2
What is 97 + -99 + (-1 - 6) - 5?
-14
What is -49 + 32 + 4 + -6 + 6?
-13
Evaluate -2 + 6 - -20 - ((-9 - -12) + 2).
19
What is the value of -8 + -10 - (2 - 15)?
-5
What is (-9 - -1) + (-7 - (21 + -43))?
7
Evaluate 8 + 7 + (0 - 9) + 0.
6
Calculate 4 - (13 - (-7 - -10)).
-6
What is the value of 2 + -5 + 1 + (30 - (-21 + 40))?
9
2 + -8 + (13 - 6) - (-9 + -3)
13
Calculate -17 + 2 + 1 + (82 - 81).
-13
What is the value of 5 - (-10 - -6) - (-1 + -1)?
11
Calculate -43 + (69 - 23) - 32.
-29
What is the value of -5 - (-3 - (-5 + 3) - -6)?
-10
(11 + -30 - -7) + (6 - 3)
-9
What is the value of 94 + -104 + 25 + -3?
12
What is the value of -9 - (8 + 4 + (-5 - -1) + -14)?
-3
What is 11 - (-26 + 10 + 45)?
-18
Evaluate 2 + 12 - -1 - (-4 + -35 + 34).
20
What is the value of -45 - -11 - (6 - 26)?
-14
Evaluate -12 + 1 - (95 + -87 + -17 + 1).
-3
-2 + 2 - (2 - (13 - 10))
1
What is -2 + 27 + -7 + -5 - (-1 - -4)?
10
What is the value of -29 + (83 + 5 - 36)?
23
Evaluate 0 - -20 - (62 - 45).
3
Evaluate (-4 - (-8 + -8)) + -3.
9
What is the value of (-24 - (-27 + 15)) + (8 - 2)?
-6
Evaluate 21 - ((148 + -158 - (-12 + -1)) + -15).
33
What is the value of (4 + (-14 - -4) - -7) + 5 + -1?
5
What is 44 + (-16 - 26) + (0 - -9)?
11
Evaluate (-19 - -11 - (2 + -14)) + (-3 - 15).
-14
What is 14 + -3 + -3 - -7?
15
What is -27 + (-45 - -68) - (-25 - 0) - 0?
21
Calculate 2 + (1 - -4) + -1 - 18.
-12
-2 + 8 + (-1 - -1) - (-1 + -6)
13
What is the value of -6 + -10 - 0 - -9?
-7
Calculate (1 + -19 + -9 - -12) + 0.
-15
What is (8 - 6 - 7) + (32 - 18)?
9
Evaluate -17 - (-9 - -10 - (-10 - (11 - 15))).
-24
What is (-16 - -1) + -33 - -30?
-18
What